{"id":1196,"date":"2026-01-09T20:10:57","date_gmt":"2026-01-09T20:10:57","guid":{"rendered":"https:\/\/coeursecret.blog\/?page_id=1196"},"modified":"2026-02-13T03:00:10","modified_gmt":"2026-02-13T03:00:10","slug":"politique-de-confidentialite","status":"publish","type":"page","link":"https:\/\/coeursecret.blog\/?page_id=1196","title":{"rendered":"Privacy Policy"},"content":{"rendered":"<h1 data-start=\"205\" data-end=\"235\">Politique de confidentialit\u00e9<\/h1>\n<p data-start=\"237\" data-end=\"272\">Derni\u00e8re mise \u00e0 jour : janvier 2026<\/p>\n<p data-start=\"274\" data-end=\"431\">La pr\u00e9sente politique de confidentialit\u00e9 explique comment les informations personnelles sont collect\u00e9es, utilis\u00e9es et prot\u00e9g\u00e9es lorsque vous visitez ce blog.<\/p>\n<p data-start=\"433\" data-end=\"514\">En acc\u00e9dant \u00e0 ce site, vous acceptez les pratiques d\u00e9crites dans cette politique.<\/p>\n<h2 data-start=\"521\" data-end=\"552\">1. Collecte des informations<\/h2>\n<p data-start=\"554\" data-end=\"659\">Lorsque vous naviguez sur ce site, certaines donn\u00e9es peuvent \u00eatre collect\u00e9es automatiquement, notamment :<\/p>\n<ul data-start=\"661\" data-end=\"800\">\n<li data-start=\"661\" data-end=\"675\">\n<p data-start=\"663\" data-end=\"675\">Adresse IP<\/p>\n<\/li>\n<li data-start=\"676\" data-end=\"709\">\n<p data-start=\"678\" data-end=\"709\">Type et version du navigateur<\/p>\n<\/li>\n<li data-start=\"710\" data-end=\"730\">\n<p data-start=\"712\" data-end=\"730\">Appareil utilis\u00e9<\/p>\n<\/li>\n<li data-start=\"731\" data-end=\"751\">\n<p data-start=\"733\" data-end=\"751\">Pages consult\u00e9es<\/p>\n<\/li>\n<li data-start=\"752\" data-end=\"774\">\n<p data-start=\"754\" data-end=\"774\">Dur\u00e9e de la visite<\/p>\n<\/li>\n<li data-start=\"775\" data-end=\"800\">\n<p data-start=\"777\" data-end=\"800\">Donn\u00e9es de navigation<\/p>\n<\/li>\n<\/ul>\n<p data-start=\"802\" data-end=\"885\">Ces informations sont collect\u00e9es \u00e0 des fins statistiques et d\u2019am\u00e9lioration du site.<\/p>\n<p data-start=\"887\" data-end=\"964\">Si vous utilisez le formulaire de contact, nous pouvons \u00e9galement collecter :<\/p>\n<ul data-start=\"966\" data-end=\"1035\">\n<li data-start=\"966\" data-end=\"979\">\n<p data-start=\"968\" data-end=\"979\">Votre nom<\/p>\n<\/li>\n<li data-start=\"980\" data-end=\"1003\">\n<p data-start=\"982\" data-end=\"1003\">Votre adresse e-mail<\/p>\n<\/li>\n<li data-start=\"1004\" data-end=\"1035\">\n<p data-start=\"1006\" data-end=\"1035\">Le contenu de votre message<\/p>\n<\/li>\n<\/ul>\n<p data-start=\"1037\" data-end=\"1096\">Ces donn\u00e9es sont fournies volontairement par l\u2019utilisateur.<\/p>\n<h2 data-start=\"1103\" data-end=\"1132\">2. Utilisation des donn\u00e9es<\/h2>\n<p data-start=\"1134\" data-end=\"1191\">Les informations collect\u00e9es peuvent \u00eatre utilis\u00e9es pour :<\/p>\n<ul data-start=\"1193\" data-end=\"1387\">\n<li data-start=\"1193\" data-end=\"1245\">\n<p data-start=\"1195\" data-end=\"1245\">R\u00e9pondre aux demandes envoy\u00e9es via le formulaire<\/p>\n<\/li>\n<li data-start=\"1246\" data-end=\"1284\">\n<p data-start=\"1248\" data-end=\"1284\">Am\u00e9liorer l\u2019exp\u00e9rience utilisateur<\/p>\n<\/li>\n<li data-start=\"1285\" data-end=\"1322\">\n<p data-start=\"1287\" data-end=\"1322\">Analyser la fr\u00e9quentation du site<\/p>\n<\/li>\n<li data-start=\"1323\" data-end=\"1355\">\n<p data-start=\"1325\" data-end=\"1355\">Optimiser le contenu propos\u00e9<\/p>\n<\/li>\n<li data-start=\"1356\" data-end=\"1387\">\n<p data-start=\"1358\" data-end=\"1387\">Assurer la s\u00e9curit\u00e9 du site<\/p>\n<\/li>\n<\/ul>\n<p data-start=\"1389\" data-end=\"1443\">Nous ne vendons ni ne louons vos donn\u00e9es personnelles.<\/p>\n<h2 data-start=\"1450\" data-end=\"1463\">3. Cookies<\/h2>\n<p data-start=\"1465\" data-end=\"1541\">Ce site utilise des cookies afin d\u2019am\u00e9liorer votre exp\u00e9rience de navigation.<\/p>\n<p data-start=\"1543\" data-end=\"1612\">Un cookie est un petit fichier stock\u00e9 sur votre appareil qui permet :<\/p>\n<ul data-start=\"1614\" data-end=\"1757\">\n<li data-start=\"1614\" data-end=\"1646\">\n<p data-start=\"1616\" data-end=\"1646\">De m\u00e9moriser vos pr\u00e9f\u00e9rences<\/p>\n<\/li>\n<li data-start=\"1647\" data-end=\"1672\">\n<p data-start=\"1649\" data-end=\"1672\">De mesurer l\u2019audience<\/p>\n<\/li>\n<li data-start=\"1673\" data-end=\"1697\">\n<p data-start=\"1675\" data-end=\"1697\">D\u2019analyser le trafic<\/p>\n<\/li>\n<li data-start=\"1698\" data-end=\"1757\">\n<p data-start=\"1700\" data-end=\"1757\">D\u2019afficher des publicit\u00e9s personnalis\u00e9es (le cas \u00e9ch\u00e9ant)<\/p>\n<\/li>\n<\/ul>\n<p data-start=\"1759\" data-end=\"1860\">Vous pouvez configurer votre navigateur pour refuser les cookies ou \u00eatre inform\u00e9 de leur utilisation.<\/p>\n<h2 data-start=\"1867\" data-end=\"1900\">4. Google AdSense et publicit\u00e9<\/h2>\n<p data-start=\"1902\" data-end=\"1991\">Ce site peut utiliser le programme publicitaire de <span class=\"hover:entity-accent entity-underline inline cursor-pointer align-baseline\"><span class=\"whitespace-normal\">Google AdSense<\/span><\/span>.<\/p>\n<p data-start=\"1993\" data-end=\"2210\">Google et ses partenaires peuvent utiliser des cookies (notamment le cookie DoubleClick) afin d\u2019afficher des annonces adapt\u00e9es \u00e0 vos centres d\u2019int\u00e9r\u00eat en fonction de votre navigation sur ce site ou sur d\u2019autres sites.<\/p>\n<p data-start=\"2212\" data-end=\"2343\">Vous pouvez d\u00e9sactiver la publicit\u00e9 personnalis\u00e9e en consultant les param\u00e8tres des annonces Google :<br \/>\n<a class=\"decorated-link\" href=\"https:\/\/adssettings.google.com\" target=\"_new\" rel=\"noopener\" data-start=\"2313\" data-end=\"2343\">https:\/\/adssettings.google.com<\/a><\/p>\n<p data-start=\"2345\" data-end=\"2452\">Pour en savoir plus sur l\u2019utilisation des donn\u00e9es par Google :<br \/>\n<a class=\"decorated-link\" href=\"https:\/\/policies.google.com\/technologies\/ads\" target=\"_new\" rel=\"noopener\" data-start=\"2408\" data-end=\"2452\">https:\/\/policies.google.com\/technologies\/ads<\/a><\/p>\n<h2 data-start=\"2459\" data-end=\"2481\">5. Outils d\u2019analyse<\/h2>\n<p data-start=\"2483\" data-end=\"2608\">Ce site peut utiliser des outils d\u2019analyse d\u2019audience afin de comprendre comment les visiteurs interagissent avec le contenu.<\/p>\n<p data-start=\"2610\" data-end=\"2665\">Ces outils collectent des donn\u00e9es anonymes telles que :<\/p>\n<ul data-start=\"2667\" data-end=\"2757\">\n<li data-start=\"2667\" data-end=\"2687\">\n<p data-start=\"2669\" data-end=\"2687\">Pages consult\u00e9es<\/p>\n<\/li>\n<li data-start=\"2688\" data-end=\"2715\">\n<p data-start=\"2690\" data-end=\"2715\">Temps pass\u00e9 sur le site<\/p>\n<\/li>\n<li data-start=\"2716\" data-end=\"2757\">\n<p data-start=\"2718\" data-end=\"2757\">Provenance g\u00e9ographique approximative<\/p>\n<\/li>\n<\/ul>\n<p data-start=\"2759\" data-end=\"2810\">Ces donn\u00e9es servent uniquement \u00e0 am\u00e9liorer le site.<\/p>\n<h2 data-start=\"2817\" data-end=\"2845\">6. Protection des donn\u00e9es<\/h2>\n<p data-start=\"2847\" data-end=\"2968\">Nous mettons en \u0153uvre des mesures de s\u00e9curit\u00e9 techniques et organisationnelles pour prot\u00e9ger vos informations contre :<\/p>\n<ul data-start=\"2970\" data-end=\"3065\">\n<li data-start=\"2970\" data-end=\"2994\">\n<p data-start=\"2972\" data-end=\"2994\">L\u2019acc\u00e8s non autoris\u00e9<\/p>\n<\/li>\n<li data-start=\"2995\" data-end=\"3014\">\n<p data-start=\"2997\" data-end=\"3014\">La modification<\/p>\n<\/li>\n<li data-start=\"3015\" data-end=\"3033\">\n<p data-start=\"3017\" data-end=\"3033\">La divulgation<\/p>\n<\/li>\n<li data-start=\"3034\" data-end=\"3065\">\n<p data-start=\"3036\" data-end=\"3065\">La destruction accidentelle<\/p>\n<\/li>\n<\/ul>\n<h2 data-start=\"3072\" data-end=\"3097\">7. Partage des donn\u00e9es<\/h2>\n<p data-start=\"3099\" data-end=\"3277\">Les donn\u00e9es personnelles ne sont jamais vendues, \u00e9chang\u00e9es ou c\u00e9d\u00e9es \u00e0 des tiers, sauf en cas d\u2019obligation l\u00e9gale ou pour assurer le bon fonctionnement des services li\u00e9s au site.<\/p>\n<h2 data-start=\"3284\" data-end=\"3300\">8. Vos droits<\/h2>\n<p data-start=\"3302\" data-end=\"3442\">Conform\u00e9ment \u00e0 la r\u00e9glementation applicable (notamment le RGPD si vous r\u00e9sidez dans l\u2019Union europ\u00e9enne), vous disposez des droits suivants :<\/p>\n<ul data-start=\"3444\" data-end=\"3576\">\n<li data-start=\"3444\" data-end=\"3461\">\n<p data-start=\"3446\" data-end=\"3461\">Droit d\u2019acc\u00e8s<\/p>\n<\/li>\n<li data-start=\"3462\" data-end=\"3488\">\n<p data-start=\"3464\" data-end=\"3488\">Droit de rectification<\/p>\n<\/li>\n<li data-start=\"3489\" data-end=\"3513\">\n<p data-start=\"3491\" data-end=\"3513\">Droit de suppression<\/p>\n<\/li>\n<li data-start=\"3514\" data-end=\"3536\">\n<p data-start=\"3516\" data-end=\"3536\">Droit d\u2019opposition<\/p>\n<\/li>\n<li data-start=\"3537\" data-end=\"3576\">\n<p data-start=\"3539\" data-end=\"3576\">Droit \u00e0 la limitation du traitement<\/p>\n<\/li>\n<\/ul>\n<p data-start=\"3578\" data-end=\"3650\">Pour exercer ces droits, vous pouvez nous contacter via la page Contact.<\/p>\n<h2 data-start=\"3657\" data-end=\"3676\">9. Modifications<\/h2>\n<p data-start=\"3678\" data-end=\"3803\">Cette politique de confidentialit\u00e9 peut \u00eatre mise \u00e0 jour \u00e0 tout moment afin de refl\u00e9ter les \u00e9volutions l\u00e9gales ou techniques.<\/p>\n<p data-start=\"3805\" data-end=\"3853\">Nous vous invitons \u00e0 la consulter r\u00e9guli\u00e8rement.<\/p>\n","protected":false},"excerpt":{"rendered":"<p>Politique de confidentialit\u00e9 Derni\u00e8re mise \u00e0 jour : janvier 2026 La pr\u00e9sente politique de confidentialit\u00e9 explique comment les informations personnelles sont collect\u00e9es, utilis\u00e9es et prot\u00e9g\u00e9es lorsque vous visitez ce blog. En acc\u00e9dant \u00e0 ce site, vous acceptez les pratiques d\u00e9crites dans cette politique. 1. Collecte des informations Lorsque vous naviguez sur ce site, certaines donn\u00e9es [&hellip;]<\/p>\n","protected":false},"author":1,"featured_media":0,"parent":0,"menu_order":0,"comment_status":"closed","ping_status":"closed","template":"","meta":{"footnotes":""},"class_list":["post-1196","page","type-page","status-publish","hentry","entry","fw-tab-6 fw-tabr-4"],"_links":{"self":[{"href":"https:\/\/coeursecret.blog\/index.php?rest_route=\/wp\/v2\/pages\/1196","targetHints":{"allow":["GET"]}}],"collection":[{"href":"https:\/\/coeursecret.blog\/index.php?rest_route=\/wp\/v2\/pages"}],"about":[{"href":"https:\/\/coeursecret.blog\/index.php?rest_route=\/wp\/v2\/types\/page"}],"author":[{"embeddable":true,"href":"https:\/\/coeursecret.blog\/index.php?rest_route=\/wp\/v2\/users\/1"}],"replies":[{"embeddable":true,"href":"https:\/\/coeursecret.blog\/index.php?rest_route=%2Fwp%2Fv2%2Fcomments&post=1196"}],"version-history":[{"count":3,"href":"https:\/\/coeursecret.blog\/index.php?rest_route=\/wp\/v2\/pages\/1196\/revisions"}],"predecessor-version":[{"id":1424,"href":"https:\/\/coeursecret.blog\/index.php?rest_route=\/wp\/v2\/pages\/1196\/revisions\/1424"}],"wp:attachment":[{"href":"https:\/\/coeursecret.blog\/index.php?rest_route=%2Fwp%2Fv2%2Fmedia&parent=1196"}],"curies":[{"name":"wp","href":"https:\/\/api.w.org\/{rel}","templated":true}]}}