{"id":1201,"date":"2026-01-09T20:31:44","date_gmt":"2026-01-09T20:31:44","guid":{"rendered":"https:\/\/coeursecret.blog\/?page_id=1201"},"modified":"2026-02-13T02:56:11","modified_gmt":"2026-02-13T02:56:11","slug":"accueil","status":"publish","type":"page","link":"https:\/\/coeursecret.blog\/?page_id=1201","title":{"rendered":"Home"},"content":{"rendered":"<div class=\"relative basis-auto flex-col -mb-(--composer-overlap-px) [--composer-overlap-px:28px] grow flex\">\n<div class=\"flex flex-col text-sm pb-25\">\n<article class=\"text-token-text-primary w-full focus:outline-none [--shadow-height:45px] has-data-writing-block:pointer-events-none has-data-writing-block:-mt-(--shadow-height) has-data-writing-block:pt-(--shadow-height) [&amp;:has([data-writing-block])&gt;*]:pointer-events-auto scroll-mt-[calc(var(--header-height)+min(200px,max(70px,20svh)))]\" dir=\"auto\" tabindex=\"-1\" data-turn-id=\"request-WEB:6d56e1dd-7faf-47f1-91b4-84164e832dcd-22\" data-testid=\"conversation-turn-46\" data-scroll-anchor=\"true\" data-turn=\"assistant\">\n<div class=\"text-base my-auto mx-auto pb-10 [--thread-content-margin:--spacing(4)] @w-sm\/main:[--thread-content-margin:--spacing(6)] @w-lg\/main:[--thread-content-margin:--spacing(16)] px-(--thread-content-margin)\">\n<div class=\"[--thread-content-max-width:40rem] @w-lg\/main:[--thread-content-max-width:48rem] mx-auto max-w-(--thread-content-max-width) flex-1 group\/turn-messages focus-visible:outline-hidden relative flex w-full min-w-0 flex-col agent-turn\" tabindex=\"-1\">\n<div class=\"flex max-w-full flex-col grow\">\n<div class=\"min-h-8 text-message relative flex w-full flex-col items-end gap-2 text-start break-words whitespace-normal [.text-message+&amp;]:mt-1\" dir=\"auto\" data-message-author-role=\"assistant\" data-message-id=\"692a1a17-5f9e-4300-96de-d05f2fd520aa\" data-message-model-slug=\"gpt-5-mini\">\n<div class=\"flex w-full flex-col gap-1 empty:hidden first:pt-[1px]\">\n<div class=\"markdown prose dark:prose-invert w-full break-words light markdown-new-styling\">\n<h1 data-start=\"258\" data-end=\"293\">Bienvenue sur Coeursecret.blog<\/h1>\n<p data-start=\"295\" data-end=\"519\">Un espace d\u00e9di\u00e9 au bien-\u00eatre, \u00e0 la conscience et \u00e0 l\u2019art de vivre plus lentement dans un monde qui va trop vite.<br data-start=\"407\" data-end=\"410\" \/>Chaque article et conseil sont pens\u00e9s pour vous aider \u00e0 retrouver le calme, l\u2019\u00e9quilibre et l\u2019inspiration au quotidien.<\/p>\n<h2 data-start=\"526\" data-end=\"565\">D\u00e9couvrez un mode de vie plus serein<\/h2>\n<p data-start=\"567\" data-end=\"817\">Dans un quotidien souvent rythm\u00e9 par la pression et la vitesse, ce blog a \u00e9t\u00e9 cr\u00e9\u00e9 pour offrir un moment de pause et de r\u00e9flexion.<br data-start=\"697\" data-end=\"700\" \/>Ici, vous trouverez des contenus authentiques pour nourrir votre esprit et prendre soin de votre \u00e9quilibre int\u00e9rieur.<\/p>\n<h2 data-start=\"824\" data-end=\"860\">Ce que vous trouverez sur le blog<\/h2>\n<ul data-start=\"862\" data-end=\"1119\">\n<li data-start=\"862\" data-end=\"943\">\n<p data-start=\"864\" data-end=\"943\"><strong data-start=\"864\" data-end=\"896\">Bien-\u00eatre et sant\u00e9 naturelle<\/strong> : conseils simples pour prendre soin de vous<\/p>\n<\/li>\n<li data-start=\"944\" data-end=\"1028\">\n<p data-start=\"946\" data-end=\"1028\"><strong data-start=\"946\" data-end=\"982\">Slow living et pleine conscience<\/strong> : id\u00e9es pour ralentir et profiter de la vie<\/p>\n<\/li>\n<li data-start=\"1029\" data-end=\"1119\">\n<p data-start=\"1031\" data-end=\"1119\"><strong data-start=\"1031\" data-end=\"1060\">R\u00e9flexions et inspiration<\/strong> : pens\u00e9es et articles pour votre d\u00e9veloppement personnel<\/p>\n<\/li>\n<\/ul>\n<h2 data-start=\"1126\" data-end=\"1152\">Pourquoi lire ce blog ?<\/h2>\n<p data-start=\"1154\" data-end=\"1318\">Parce qu\u2019il est essentiel de cr\u00e9er des espaces pour respirer et se reconnecter \u00e0 l\u2019essentiel.<br data-start=\"1247\" data-end=\"1250\" \/>Ce blog vous invite \u00e0 ralentir, observer et savourer chaque instant.<\/p>\n<h2 data-start=\"1325\" data-end=\"1351\">Rejoignez la communaut\u00e9<\/h2>\n<p data-start=\"1353\" data-end=\"1482\">Auriez-vous l&rsquo;amabilit\u00e9 de lire, apprendre et vous inspirer ?<br data-start=\"1410\" data-end=\"1413\" \/>Ce blog est votre refuge pour retrouver le calme, l\u2019\u00e9quilibre et la s\u00e9r\u00e9nit\u00e9.<\/p>\n<p data-start=\"1489\" data-end=\"1571\">\n<p data-start=\"1578\" data-end=\"1751\">\n<\/div>\n<\/div>\n<\/div>\n<\/div>\n<div class=\"z-0 flex min-h-[46px] justify-start\"><\/div>\n<div class=\"mt-3 w-full empty:hidden\">\n<div class=\"text-center\"><\/div>\n<\/div>\n<\/div>\n<\/div>\n<\/article>\n<\/div>\n<div class=\"pointer-events-none h-px w-px absolute bottom-0\" aria-hidden=\"true\" data-edge=\"true\"><\/div>\n<\/div>\n<div id=\"thread-bottom-container\" class=\"sticky bottom-0 group\/thread-bottom-container relative isolate z-10 w-full basis-auto has-data-has-thread-error:pt-2 has-data-has-thread-error:[box-shadow:var(--sharp-edge-bottom-shadow)] md:border-transparent md:pt-0 dark:border-white\/20 md:dark:border-transparent print:hidden content-fade single-line flex flex-col\">\n<div class=\"relative h-0\"><\/div>\n<div id=\"thread-bottom\">\n<div class=\"text-base mx-auto [--thread-content-margin:--spacing(4)] @w-sm\/main:[--thread-content-margin:--spacing(6)] @w-lg\/main:[--thread-content-margin:--spacing(16)] px-(--thread-content-margin)\">\n<div class=\"[--thread-content-max-width:40rem] @w-lg\/main:[--thread-content-max-width:48rem] mx-auto max-w-(--thread-content-max-width) flex-1 mb-4\">\n<div class=\"pointer-events-auto relative z-1 flex h-(--composer-container-height,100%) max-w-full flex-(--composer-container-flex,1) flex-col\"><\/div>\n<\/div>\n<\/div>\n<\/div>\n<\/div>\n","protected":false},"excerpt":{"rendered":"<p>Bienvenue sur Coeursecret.blog Un espace d\u00e9di\u00e9 au bien-\u00eatre, \u00e0 la conscience et \u00e0 l\u2019art de vivre plus lentement dans un monde qui va trop vite.Chaque article et conseil sont pens\u00e9s pour vous aider \u00e0 retrouver le calme, l\u2019\u00e9quilibre et l\u2019inspiration au quotidien. D\u00e9couvrez un mode de vie plus serein Dans un quotidien souvent rythm\u00e9 par [&hellip;]<\/p>\n","protected":false},"author":1,"featured_media":1153,"parent":0,"menu_order":0,"comment_status":"closed","ping_status":"closed","template":"","meta":{"footnotes":""},"class_list":["post-1201","page","type-page","status-publish","has-post-thumbnail","hentry","entry","fw-tab-6 fw-tabr-4","has-featured-image"],"_links":{"self":[{"href":"https:\/\/coeursecret.blog\/index.php?rest_route=\/wp\/v2\/pages\/1201","targetHints":{"allow":["GET"]}}],"collection":[{"href":"https:\/\/coeursecret.blog\/index.php?rest_route=\/wp\/v2\/pages"}],"about":[{"href":"https:\/\/coeursecret.blog\/index.php?rest_route=\/wp\/v2\/types\/page"}],"author":[{"embeddable":true,"href":"https:\/\/coeursecret.blog\/index.php?rest_route=\/wp\/v2\/users\/1"}],"replies":[{"embeddable":true,"href":"https:\/\/coeursecret.blog\/index.php?rest_route=%2Fwp%2Fv2%2Fcomments&post=1201"}],"version-history":[{"count":2,"href":"https:\/\/coeursecret.blog\/index.php?rest_route=\/wp\/v2\/pages\/1201\/revisions"}],"predecessor-version":[{"id":1423,"href":"https:\/\/coeursecret.blog\/index.php?rest_route=\/wp\/v2\/pages\/1201\/revisions\/1423"}],"wp:featuredmedia":[{"embeddable":true,"href":"https:\/\/coeursecret.blog\/index.php?rest_route=\/wp\/v2\/media\/1153"}],"wp:attachment":[{"href":"https:\/\/coeursecret.blog\/index.php?rest_route=%2Fwp%2Fv2%2Fmedia&parent=1201"}],"curies":[{"name":"wp","href":"https:\/\/api.w.org\/{rel}","templated":true}]}}